{"id":624,"date":"2015-01-29T14:26:01","date_gmt":"2015-01-29T14:26:01","guid":{"rendered":"http:\/\/www.ayuntamientodeharia.com\/haria\/?page_id=624"},"modified":"2015-01-29T14:56:06","modified_gmt":"2015-01-29T14:56:06","slug":"haria-artesanal","status":"publish","type":"page","link":"https:\/\/www.ayuntamientodeharia.com\/haria\/haria\/haria-artesanal\/","title":{"rendered":"Har\u00eda Artesanal"},"content":{"rendered":"<p>&nbsp;<\/p>\n<h4 style=\"text-align: center;\"><strong>Todos los s\u00e1bados de 10 a 14:30 horas &#8211; <\/strong><strong>Plaza de Har\u00eda.<\/strong><\/h4>\n<p><img fetchpriority=\"high\" decoding=\"async\" class=\"size-full wp-image-660 alignleft\" src=\"http:\/\/www.ayuntamientodeharia.com\/haria\/wp-content\/uploads\/2015\/01\/hariaArtesanal4.jpg\" alt=\"hariaArtesanal4\" width=\"293\" height=\"172\" \/>La pr\u00e1ctica de la artesan\u00eda en el municipio de Har\u00eda ha pervivido a lo largo de los a\u00f1os, gracias a la labor paciente y entregada de mucho artesanos que no han querido abandonar un oficio tan bello y determinante de nuestra identidad como es la artesan\u00eda. Paralela a la historia del municipio, esta la de su actividad artesanal, que se mantiene a trav\u00e9s del tiempo, gracias al esfuerzo y tenacidad de sus muchos artesanos. Constituye en la actualidad un genuino e indiscutible patrimonio cultural que singulariza a este bello pueblo del norte de la isla.<\/p>\n<p>&nbsp;<\/p>\n<p><a href=\"http:\/\/www.ayuntamientodeharia.com\/haria\/wp-content\/uploads\/2015\/01\/hariaArtesanal.jpg\"><img decoding=\"async\" class=\"aligncenter size-full wp-image-631\" src=\"http:\/\/www.ayuntamientodeharia.com\/haria\/wp-content\/uploads\/2015\/01\/hariaArtesanal.jpg\" alt=\"hariaArtesanal\" width=\"486\" height=\"694\" srcset=\"https:\/\/www.ayuntamientodeharia.com\/haria\/wp-content\/uploads\/2015\/01\/hariaArtesanal.jpg 486w, https:\/\/www.ayuntamientodeharia.com\/haria\/wp-content\/uploads\/2015\/01\/hariaArtesanal-210x300.jpg 210w\" sizes=\"(max-width: 486px) 100vw, 486px\" \/><\/a><\/p>\n<p>&nbsp;<\/p>\n<p>Las condiciones naturales con que cuenta el valle de Har\u00eda en caracter\u00edsticas palmerales, es lo que hace especial el desarrollo del trabajo en p\u00edrgano, palma y palmito. Dando origen a una rica y variada manifestaci\u00f3n art\u00edstica en cester\u00eda funcional y decorativa, as\u00ed mismo, la actividad en labores de rosetas, bordados, mu\u00f1equer\u00eda, cer\u00e1mica y otras.<\/p>\n<p>&nbsp;<\/p>\n<p><a href=\"http:\/\/www.ayuntamientodeharia.com\/haria\/wp-content\/uploads\/2015\/01\/hariaArtesanal2.jpg\"><img decoding=\"async\" class=\"aligncenter size-full wp-image-633\" src=\"http:\/\/www.ayuntamientodeharia.com\/haria\/wp-content\/uploads\/2015\/01\/hariaArtesanal2.jpg\" alt=\"hariaArtesanal2\" width=\"467\" height=\"691\" srcset=\"https:\/\/www.ayuntamientodeharia.com\/haria\/wp-content\/uploads\/2015\/01\/hariaArtesanal2.jpg 467w, https:\/\/www.ayuntamientodeharia.com\/haria\/wp-content\/uploads\/2015\/01\/hariaArtesanal2-202x300.jpg 202w\" sizes=\"(max-width: 467px) 100vw, 467px\" \/><\/a><\/p>\n<p>&nbsp;<\/p>\n<p><a href=\"http:\/\/www.ayuntamientodeharia.com\/haria\/wp-content\/uploads\/2015\/01\/hariaArtesanal5.jpg\"><img loading=\"lazy\" decoding=\"async\" class=\"alignleft size-full wp-image-666\" src=\"http:\/\/www.ayuntamientodeharia.com\/haria\/wp-content\/uploads\/2015\/01\/hariaArtesanal5.jpg\" alt=\"hariaArtesanal5\" width=\"259\" height=\"194\" \/><\/a>Las personas que se acerquen a conocer nuestro mercadillo no se sentir\u00e1n defraudadas pues podr\u00e1n disfrutar, no s\u00f3lo de la variedad de productos que forman parte de nuestra artesan\u00eda tradicional, sino tambi\u00e9n de m\u00faltiples objetos de artesan\u00eda contempor\u00e1nea que comienzan a formar parte de nuestro acervo cultural.<\/p>\n<p>&nbsp;<\/p>\n<p>En<strong> &#8220;Har\u00eda Artesanal&#8221;<\/strong> podemos disfrutar de la artesan\u00eda m\u00e1s tradicional, al igual que descubrir otra m\u00e1s moderna.<\/p>\n<p>&nbsp;<\/p>\n<p>Junto con todo ello podemos encontrar productos frescos de la tierra, entre los que destacan quesos, frutas y verduras cultivadas de una forma ecol\u00f3gica y una rica y variada reposter\u00eda.<\/p>\n<p>&nbsp;<\/p>\n<p><a href=\"http:\/\/www.ayuntamientodeharia.com\/haria\/wp-content\/uploads\/2015\/01\/logosHariaArtesanal.jpg\"><img loading=\"lazy\" decoding=\"async\" class=\"aligncenter size-full wp-image-646\" src=\"http:\/\/www.ayuntamientodeharia.com\/haria\/wp-content\/uploads\/2015\/01\/logosHariaArtesanal.jpg\" alt=\"logosHariaArtesanal\" width=\"343\" height=\"82\" srcset=\"https:\/\/www.ayuntamientodeharia.com\/haria\/wp-content\/uploads\/2015\/01\/logosHariaArtesanal.jpg 343w, https:\/\/www.ayuntamientodeharia.com\/haria\/wp-content\/uploads\/2015\/01\/logosHariaArtesanal-300x71.jpg 300w\" sizes=\"(max-width: 343px) 100vw, 343px\" \/><\/a><\/p>\n<p>&nbsp;<\/p>\n","protected":false},"excerpt":{"rendered":"<p>&nbsp; Todos los s\u00e1bados de 10 a 14:30 horas &#8211; Plaza de Har\u00eda. La pr\u00e1ctica de la artesan\u00eda en el municipio de Har\u00eda ha pervivido a lo largo de los a\u00f1os, gracias a la labor paciente y entregada de mucho artesanos que no han querido abandonar un oficio tan bello y determinante de nuestra identidad [&hellip;]<\/p>\n","protected":false},"author":2,"featured_media":0,"parent":622,"menu_order":79,"comment_status":"closed","ping_status":"closed","template":"","meta":{"footnotes":""},"class_list":["post-624","page","type-page","status-publish","hentry"],"_links":{"self":[{"href":"https:\/\/www.ayuntamientodeharia.com\/haria\/wp-json\/wp\/v2\/pages\/624","targetHints":{"allow":["GET"]}}],"collection":[{"href":"https:\/\/www.ayuntamientodeharia.com\/haria\/wp-json\/wp\/v2\/pages"}],"about":[{"href":"https:\/\/www.ayuntamientodeharia.com\/haria\/wp-json\/wp\/v2\/types\/page"}],"author":[{"embeddable":true,"href":"https:\/\/www.ayuntamientodeharia.com\/haria\/wp-json\/wp\/v2\/users\/2"}],"replies":[{"embeddable":true,"href":"https:\/\/www.ayuntamientodeharia.com\/haria\/wp-json\/wp\/v2\/comments?post=624"}],"version-history":[{"count":0,"href":"https:\/\/www.ayuntamientodeharia.com\/haria\/wp-json\/wp\/v2\/pages\/624\/revisions"}],"up":[{"embeddable":true,"href":"https:\/\/www.ayuntamientodeharia.com\/haria\/wp-json\/wp\/v2\/pages\/622"}],"wp:attachment":[{"href":"https:\/\/www.ayuntamientodeharia.com\/haria\/wp-json\/wp\/v2\/media?parent=624"}],"curies":[{"name":"wp","href":"https:\/\/api.w.org\/{rel}","templated":true}]}}