{"id":599,"date":"2015-01-29T13:09:42","date_gmt":"2015-01-29T13:09:42","guid":{"rendered":"http:\/\/www.ayuntamientodeharia.com\/haria\/?page_id=599"},"modified":"2019-08-13T12:18:17","modified_gmt":"2019-08-13T12:18:17","slug":"guarderia","status":"publish","type":"page","link":"https:\/\/www.ayuntamientodeharia.com\/haria\/ayuntamiento\/guarderia\/","title":{"rendered":"Guarder\u00eda Municipal"},"content":{"rendered":"<p><img fetchpriority=\"high\" decoding=\"async\" class=\"alignleft size-medium wp-image-14195\" src=\"http:\/\/www.ayuntamientodeharia.com\/haria\/wp-content\/uploads\/2018\/08\/Guarderia-01-450x338.jpg\" alt=\"Guarderia 01\" width=\"450\" height=\"338\" srcset=\"https:\/\/www.ayuntamientodeharia.com\/haria\/wp-content\/uploads\/2018\/08\/Guarderia-01-450x338.jpg 450w, https:\/\/www.ayuntamientodeharia.com\/haria\/wp-content\/uploads\/2018\/08\/Guarderia-01-768x576.jpg 768w, https:\/\/www.ayuntamientodeharia.com\/haria\/wp-content\/uploads\/2018\/08\/Guarderia-01-149x112.jpg 149w, https:\/\/www.ayuntamientodeharia.com\/haria\/wp-content\/uploads\/2018\/08\/Guarderia-01.jpg 840w\" sizes=\"(max-width: 450px) 100vw, 450px\" \/>La Guarder\u00eda Municipal abre sus puertas en el a\u00f1o 2005 en el pueblo norte\u00f1o de Har\u00eda, ubicada en la Plaza de Har\u00eda, junto a la iglesia.<\/p>\n<p>&nbsp;<\/p>\n<p>Este proyecto surge con el fin de conseguir una serie de objetivos, entre los cuales destacan:<\/p>\n<p style=\"padding-left: 30px;\">-Ofrecer respiro familiar.<br \/>\n-Contribuir al desarrollo f\u00edsico, intelectual, afectivo, social y moral de los menores.<br \/>\n-Apoyar a las familias en la satisfacci\u00f3n de las necesidades f\u00edsico-biol\u00f3gicas, cognitivas y emocionales de los menores.<br \/>\n-Potenciar la integraci\u00f3n de los menores en actividades educativas, culturales, de tiempo libre, etc.<\/p>\n<p>&nbsp;<\/p>\n<p>Todos estos objetivos se complementar\u00e1n con una serie de actividades que se llevar\u00e1n a cabo durante todo el a\u00f1o en donde los menores podr\u00e1n participar y disfrutar con ellas.<\/p>\n<p>&nbsp;<\/p>\n<p>La Guarder\u00eda Municipal de Har\u00eda est\u00e1 dedicada al cuidado y educaci\u00f3n de ni\u00f1os y ni\u00f1as de 0 a 3 a\u00f1os, contando con servicio de comedor, donde los menores podr\u00e1n ir adquiriendo buenos h\u00e1bitos de conducta a la hora del almuerzo.<\/p>\n<p>&nbsp;<\/p>\n<p>Contamos con instalaciones amplias y luminosas, donde los menores podr\u00e1n realizar actividades tanto dentro del centro como al aire libre. Estamos abiertos todo el a\u00f1o, de lunes a viernes, en horario de 7:00 a 16:30.<\/p>\n<p>&nbsp;<\/p>\n<p>Las solicitudes para matricularse se recogen en el mismo centro o descargando el modelo\u00a0 de solicitud que se encuentra a continuaci\u00f3n\u00a0 y entreg\u00e1ndolo, junto a toda la documentaci\u00f3n necesaria en la guarder\u00eda.<\/p>\n<p>&nbsp;<\/p>\n<p><span style=\"text-decoration: underline;\">Los plazos de inscripci\u00f3n son los siguientes:<\/span><\/p>\n<p style=\"padding-left: 40px;\"><strong>Primer Plazo:<\/strong> del 19 de agosto al 6 de septiembre de 2019, ambos inclusive. Para comenzar el d\u00eda 9 de septiembre.<\/p>\n<p style=\"padding-left: 40px;\"><strong>Segundo Plazo:<\/strong> del 16 de diciembre de 2019 al 3 de enero de 2020, ambos inclusive. Para comenzar el d\u00eda 7 de enero de 2020.<\/p>\n<p>&nbsp;<\/p>\n<p>[wpfilebase tag=list id=204 tpl=data-table pagenav=1 \/]<\/p>\n<p>&nbsp;<\/p>\n<h4><span style=\"text-decoration: underline;\"><strong>Contacto:<\/strong><\/span><\/h4>\n<p style=\"padding-left: 30px;\">Guarder\u00eda Municipal<br \/>\nPlaza de la Constituci\u00f3n, n\u00ba 10<br \/>\n35520 &#8211; Har\u00eda<\/p>\n<p style=\"padding-left: 30px;\">Tel\u00e9fono: 928 83 54 26 \/\/ 667 78 08 84<\/p>\n<p style=\"padding-left: 30px;\">Correo electr\u00f3nico: haria@iscan.si<\/p>\n<p>&nbsp;<\/p>\n<p><img decoding=\"async\" class=\"alignleft size-medium wp-image-14200\" src=\"http:\/\/www.ayuntamientodeharia.com\/haria\/wp-content\/uploads\/2018\/08\/Guarderia-06-450x338.jpg\" alt=\"Guarderia 06\" width=\"450\" height=\"338\" srcset=\"https:\/\/www.ayuntamientodeharia.com\/haria\/wp-content\/uploads\/2018\/08\/Guarderia-06-450x338.jpg 450w, https:\/\/www.ayuntamientodeharia.com\/haria\/wp-content\/uploads\/2018\/08\/Guarderia-06-768x576.jpg 768w, https:\/\/www.ayuntamientodeharia.com\/haria\/wp-content\/uploads\/2018\/08\/Guarderia-06-149x112.jpg 149w, https:\/\/www.ayuntamientodeharia.com\/haria\/wp-content\/uploads\/2018\/08\/Guarderia-06.jpg 840w\" sizes=\"(max-width: 450px) 100vw, 450px\" \/> <img decoding=\"async\" class=\"alignleft size-medium wp-image-14199\" src=\"http:\/\/www.ayuntamientodeharia.com\/haria\/wp-content\/uploads\/2018\/08\/Guarderia-05-450x338.jpg\" alt=\"Guarderia 05\" width=\"450\" height=\"338\" srcset=\"https:\/\/www.ayuntamientodeharia.com\/haria\/wp-content\/uploads\/2018\/08\/Guarderia-05-450x338.jpg 450w, https:\/\/www.ayuntamientodeharia.com\/haria\/wp-content\/uploads\/2018\/08\/Guarderia-05-768x576.jpg 768w, https:\/\/www.ayuntamientodeharia.com\/haria\/wp-content\/uploads\/2018\/08\/Guarderia-05-149x112.jpg 149w, https:\/\/www.ayuntamientodeharia.com\/haria\/wp-content\/uploads\/2018\/08\/Guarderia-05.jpg 840w\" sizes=\"(max-width: 450px) 100vw, 450px\" \/> <img loading=\"lazy\" decoding=\"async\" class=\"alignleft size-medium wp-image-14198\" src=\"http:\/\/www.ayuntamientodeharia.com\/haria\/wp-content\/uploads\/2018\/08\/Guarderia-04-450x338.jpg\" alt=\"Guarderia 04\" width=\"450\" height=\"338\" srcset=\"https:\/\/www.ayuntamientodeharia.com\/haria\/wp-content\/uploads\/2018\/08\/Guarderia-04-450x338.jpg 450w, https:\/\/www.ayuntamientodeharia.com\/haria\/wp-content\/uploads\/2018\/08\/Guarderia-04-768x576.jpg 768w, https:\/\/www.ayuntamientodeharia.com\/haria\/wp-content\/uploads\/2018\/08\/Guarderia-04-149x112.jpg 149w, https:\/\/www.ayuntamientodeharia.com\/haria\/wp-content\/uploads\/2018\/08\/Guarderia-04.jpg 840w\" sizes=\"(max-width: 450px) 100vw, 450px\" \/> <img loading=\"lazy\" decoding=\"async\" class=\"alignleft size-medium wp-image-14197\" src=\"http:\/\/www.ayuntamientodeharia.com\/haria\/wp-content\/uploads\/2018\/08\/Guarderia-03-450x338.jpg\" alt=\"Guarderia 03\" width=\"450\" height=\"338\" srcset=\"https:\/\/www.ayuntamientodeharia.com\/haria\/wp-content\/uploads\/2018\/08\/Guarderia-03-450x338.jpg 450w, https:\/\/www.ayuntamientodeharia.com\/haria\/wp-content\/uploads\/2018\/08\/Guarderia-03-768x576.jpg 768w, https:\/\/www.ayuntamientodeharia.com\/haria\/wp-content\/uploads\/2018\/08\/Guarderia-03-149x112.jpg 149w, https:\/\/www.ayuntamientodeharia.com\/haria\/wp-content\/uploads\/2018\/08\/Guarderia-03.jpg 840w\" sizes=\"(max-width: 450px) 100vw, 450px\" \/> <img loading=\"lazy\" decoding=\"async\" class=\"alignleft size-medium wp-image-14196\" src=\"http:\/\/www.ayuntamientodeharia.com\/haria\/wp-content\/uploads\/2018\/08\/Guarderia-02-450x338.jpg\" alt=\"Guarderia 02\" width=\"450\" height=\"338\" srcset=\"https:\/\/www.ayuntamientodeharia.com\/haria\/wp-content\/uploads\/2018\/08\/Guarderia-02-450x338.jpg 450w, https:\/\/www.ayuntamientodeharia.com\/haria\/wp-content\/uploads\/2018\/08\/Guarderia-02-768x576.jpg 768w, https:\/\/www.ayuntamientodeharia.com\/haria\/wp-content\/uploads\/2018\/08\/Guarderia-02-149x112.jpg 149w, https:\/\/www.ayuntamientodeharia.com\/haria\/wp-content\/uploads\/2018\/08\/Guarderia-02.jpg 840w\" sizes=\"(max-width: 450px) 100vw, 450px\" \/> <img loading=\"lazy\" decoding=\"async\" class=\"alignleft size-medium wp-image-14194\" src=\"http:\/\/www.ayuntamientodeharia.com\/haria\/wp-content\/uploads\/2018\/08\/Guarderia-07-450x338.jpg\" alt=\"Guarderia 07\" width=\"450\" height=\"338\" srcset=\"https:\/\/www.ayuntamientodeharia.com\/haria\/wp-content\/uploads\/2018\/08\/Guarderia-07-450x338.jpg 450w, https:\/\/www.ayuntamientodeharia.com\/haria\/wp-content\/uploads\/2018\/08\/Guarderia-07-768x576.jpg 768w, https:\/\/www.ayuntamientodeharia.com\/haria\/wp-content\/uploads\/2018\/08\/Guarderia-07-149x112.jpg 149w, https:\/\/www.ayuntamientodeharia.com\/haria\/wp-content\/uploads\/2018\/08\/Guarderia-07.jpg 840w\" sizes=\"(max-width: 450px) 100vw, 450px\" \/><\/p>\n<p>&nbsp;<\/p>\n","protected":false},"excerpt":{"rendered":"<p>La Guarder\u00eda Municipal abre sus puertas en el a\u00f1o 2005 en el pueblo norte\u00f1o de Har\u00eda, ubicada en la Plaza de Har\u00eda, junto a la iglesia. &nbsp; Este proyecto surge con el fin de conseguir una serie de objetivos, entre los cuales destacan: -Ofrecer respiro familiar. -Contribuir al desarrollo f\u00edsico, intelectual, afectivo, social y moral [&hellip;]<\/p>\n","protected":false},"author":2,"featured_media":0,"parent":9,"menu_order":77,"comment_status":"closed","ping_status":"closed","template":"","meta":{"footnotes":""},"class_list":["post-599","page","type-page","status-publish","hentry"],"_links":{"self":[{"href":"https:\/\/www.ayuntamientodeharia.com\/haria\/wp-json\/wp\/v2\/pages\/599","targetHints":{"allow":["GET"]}}],"collection":[{"href":"https:\/\/www.ayuntamientodeharia.com\/haria\/wp-json\/wp\/v2\/pages"}],"about":[{"href":"https:\/\/www.ayuntamientodeharia.com\/haria\/wp-json\/wp\/v2\/types\/page"}],"author":[{"embeddable":true,"href":"https:\/\/www.ayuntamientodeharia.com\/haria\/wp-json\/wp\/v2\/users\/2"}],"replies":[{"embeddable":true,"href":"https:\/\/www.ayuntamientodeharia.com\/haria\/wp-json\/wp\/v2\/comments?post=599"}],"version-history":[{"count":10,"href":"https:\/\/www.ayuntamientodeharia.com\/haria\/wp-json\/wp\/v2\/pages\/599\/revisions"}],"predecessor-version":[{"id":16536,"href":"https:\/\/www.ayuntamientodeharia.com\/haria\/wp-json\/wp\/v2\/pages\/599\/revisions\/16536"}],"up":[{"embeddable":true,"href":"https:\/\/www.ayuntamientodeharia.com\/haria\/wp-json\/wp\/v2\/pages\/9"}],"wp:attachment":[{"href":"https:\/\/www.ayuntamientodeharia.com\/haria\/wp-json\/wp\/v2\/media?parent=599"}],"curies":[{"name":"wp","href":"https:\/\/api.w.org\/{rel}","templated":true}]}}

Guardería Municipal

<p><img fetchpriority="high" decoding="async" class="alignleft size-medium wp-image-14195" src="http://www.ayuntamientodeharia.com/haria/wp-content/uploads/2018/08/Guarderia-01-450x338.jpg" alt="Guarderia 01" width="450" height="338" srcset="https://www.ayuntamientodeharia.com/haria/wp-content/uploads/2018/08/Guarderia-01-450x338.jpg 450w, https://www.ayuntamientodeharia.com/haria/wp-content/uploads/2018/08/Guarderia-01-768x576.jpg 768w, https://www.ayuntamientodeharia.com/haria/wp-content/uploads/2018/08/Guarderia-01-149x112.jpg 149w, https://www.ayuntamientodeharia.com/haria/wp-content/uploads/2018/08/Guarderia-01.jpg 840w" sizes="(max-width: 450px) 100vw, 450px" />La Guardería Municipal abre sus puertas en el año 2005 en el pueblo norteño de Haría, ubicada en la Plaza de Haría, junto a la iglesia.</p>
<p>&nbsp;</p>
<p>Este proyecto surge con el fin de conseguir una serie de objetivos, entre los cuales destacan:</p>
<p style="padding-left: 30px;">-Ofrecer respiro familiar.<br />
-Contribuir al desarrollo físico, intelectual, afectivo, social y moral de los menores.<br />
-Apoyar a las familias en la satisfacción de las necesidades físico-biológicas, cognitivas y emocionales de los menores.<br />
-Potenciar la integración de los menores en actividades educativas, culturales, de tiempo libre, etc.</p>
<p>&nbsp;</p>
<p>Todos estos objetivos se complementarán con una serie de actividades que se llevarán a cabo durante todo el año en donde los menores podrán participar y disfrutar con ellas.</p>
<p>&nbsp;</p>
<p>La Guardería Municipal de Haría está dedicada al cuidado y educación de niños y niñas de 0 a 3 años, contando con servicio de comedor, donde los menores podrán ir adquiriendo buenos hábitos de conducta a la hora del almuerzo.</p>
<p>&nbsp;</p>
<p>Contamos con instalaciones amplias y luminosas, donde los menores podrán realizar actividades tanto dentro del centro como al aire libre. Estamos abiertos todo el año, de lunes a viernes, en horario de 7:00 a 16:30.</p>
<p>&nbsp;</p>
<p>Las solicitudes para matricularse se recogen en el mismo centro o descargando el modelo  de solicitud que se encuentra a continuación  y entregándolo, junto a toda la documentación necesaria en la guardería.</p>
<p>&nbsp;</p>
<p><span style="text-decoration: underline;">Los plazos de inscripción son los siguientes:</span></p>
<p style="padding-left: 40px;"><strong>Primer Plazo:</strong> del 19 de agosto al 6 de septiembre de 2019, ambos inclusive. Para comenzar el día 9 de septiembre.</p>
<p style="padding-left: 40px;"><strong>Segundo Plazo:</strong> del 16 de diciembre de 2019 al 3 de enero de 2020, ambos inclusive. Para comenzar el día 7 de enero de 2020.</p>
<p>&nbsp;</p>
<p>[wpfilebase tag=list id=204 tpl=data-table pagenav=1 /]</p>
<p>&nbsp;</p>
<h4><span style="text-decoration: underline;"><strong>Contacto:</strong></span></h4>
<p style="padding-left: 30px;">Guardería Municipal<br />
Plaza de la Constitución, nº 10<br />
35520 &#8211; Haría</p>
<p style="padding-left: 30px;">Teléfono: 928 83 54 26 // 667 78 08 84</p>
<p style="padding-left: 30px;">Correo electrónico: haria@iscan.si</p>
<p>&nbsp;</p>
<p><img decoding="async" class="alignleft size-medium wp-image-14200" src="http://www.ayuntamientodeharia.com/haria/wp-content/uploads/2018/08/Guarderia-06-450x338.jpg" alt="Guarderia 06" width="450" height="338" srcset="https://www.ayuntamientodeharia.com/haria/wp-content/uploads/2018/08/Guarderia-06-450x338.jpg 450w, https://www.ayuntamientodeharia.com/haria/wp-content/uploads/2018/08/Guarderia-06-768x576.jpg 768w, https://www.ayuntamientodeharia.com/haria/wp-content/uploads/2018/08/Guarderia-06-149x112.jpg 149w, https://www.ayuntamientodeharia.com/haria/wp-content/uploads/2018/08/Guarderia-06.jpg 840w" sizes="(max-width: 450px) 100vw, 450px" /> <img decoding="async" class="alignleft size-medium wp-image-14199" src="http://www.ayuntamientodeharia.com/haria/wp-content/uploads/2018/08/Guarderia-05-450x338.jpg" alt="Guarderia 05" width="450" height="338" srcset="https://www.ayuntamientodeharia.com/haria/wp-content/uploads/2018/08/Guarderia-05-450x338.jpg 450w, https://www.ayuntamientodeharia.com/haria/wp-content/uploads/2018/08/Guarderia-05-768x576.jpg 768w, https://www.ayuntamientodeharia.com/haria/wp-content/uploads/2018/08/Guarderia-05-149x112.jpg 149w, https://www.ayuntamientodeharia.com/haria/wp-content/uploads/2018/08/Guarderia-05.jpg 840w" sizes="(max-width: 450px) 100vw, 450px" /> <img loading="lazy" decoding="async" class="alignleft size-medium wp-image-14198" src="http://www.ayuntamientodeharia.com/haria/wp-content/uploads/2018/08/Guarderia-04-450x338.jpg" alt="Guarderia 04" width="450" height="338" srcset="https://www.ayuntamientodeharia.com/haria/wp-content/uploads/2018/08/Guarderia-04-450x338.jpg 450w, https://www.ayuntamientodeharia.com/haria/wp-content/uploads/2018/08/Guarderia-04-768x576.jpg 768w, https://www.ayuntamientodeharia.com/haria/wp-content/uploads/2018/08/Guarderia-04-149x112.jpg 149w, https://www.ayuntamientodeharia.com/haria/wp-content/uploads/2018/08/Guarderia-04.jpg 840w" sizes="(max-width: 450px) 100vw, 450px" /> <img loading="lazy" decoding="async" class="alignleft size-medium wp-image-14197" src="http://www.ayuntamientodeharia.com/haria/wp-content/uploads/2018/08/Guarderia-03-450x338.jpg" alt="Guarderia 03" width="450" height="338" srcset="https://www.ayuntamientodeharia.com/haria/wp-content/uploads/2018/08/Guarderia-03-450x338.jpg 450w, https://www.ayuntamientodeharia.com/haria/wp-content/uploads/2018/08/Guarderia-03-768x576.jpg 768w, https://www.ayuntamientodeharia.com/haria/wp-content/uploads/2018/08/Guarderia-03-149x112.jpg 149w, https://www.ayuntamientodeharia.com/haria/wp-content/uploads/2018/08/Guarderia-03.jpg 840w" sizes="(max-width: 450px) 100vw, 450px" /> <img loading="lazy" decoding="async" class="alignleft size-medium wp-image-14196" src="http://www.ayuntamientodeharia.com/haria/wp-content/uploads/2018/08/Guarderia-02-450x338.jpg" alt="Guarderia 02" width="450" height="338" srcset="https://www.ayuntamientodeharia.com/haria/wp-content/uploads/2018/08/Guarderia-02-450x338.jpg 450w, https://www.ayuntamientodeharia.com/haria/wp-content/uploads/2018/08/Guarderia-02-768x576.jpg 768w, https://www.ayuntamientodeharia.com/haria/wp-content/uploads/2018/08/Guarderia-02-149x112.jpg 149w, https://www.ayuntamientodeharia.com/haria/wp-content/uploads/2018/08/Guarderia-02.jpg 840w" sizes="(max-width: 450px) 100vw, 450px" /> <img loading="lazy" decoding="async" class="alignleft size-medium wp-image-14194" src="http://www.ayuntamientodeharia.com/haria/wp-content/uploads/2018/08/Guarderia-07-450x338.jpg" alt="Guarderia 07" width="450" height="338" srcset="https://www.ayuntamientodeharia.com/haria/wp-content/uploads/2018/08/Guarderia-07-450x338.jpg 450w, https://www.ayuntamientodeharia.com/haria/wp-content/uploads/2018/08/Guarderia-07-768x576.jpg 768w, https://www.ayuntamientodeharia.com/haria/wp-content/uploads/2018/08/Guarderia-07-149x112.jpg 149w, https://www.ayuntamientodeharia.com/haria/wp-content/uploads/2018/08/Guarderia-07.jpg 840w" sizes="(max-width: 450px) 100vw, 450px" /></p>
<p>&nbsp;</p>

<p>La Guardería Municipal abre sus puertas en el año 2005 en el pueblo norteño de Haría, ubicada en la Plaza de Haría, junto a la iglesia. &nbsp; Este proyecto surge con el fin de conseguir una serie de objetivos, entre los cuales destacan: -Ofrecer respiro familiar. -Contribuir al desarrollo físico, intelectual, afectivo, social y moral [&hellip;]</p>
