{"id":5809,"date":"2016-05-31T13:51:09","date_gmt":"2016-05-31T13:51:09","guid":{"rendered":"http:\/\/www.ayuntamientodeharia.com\/haria\/?page_id=5809"},"modified":"2025-09-25T12:42:27","modified_gmt":"2025-09-25T11:42:27","slug":"perfil-del-contratante-2","status":"publish","type":"page","link":"https:\/\/www.ayuntamientodeharia.com\/haria\/ayuntamiento\/perfil-del-contratante-2\/","title":{"rendered":"Perfil del Contratante"},"content":{"rendered":"<p><a href=\"http:\/\/www.ayuntamientodeharia.com\/haria\/wp-content\/uploads\/2015\/03\/perfilContratante.jpg\"><img fetchpriority=\"high\" decoding=\"async\" class=\"alignleft size-full wp-image-992\" src=\"http:\/\/www.ayuntamientodeharia.com\/haria\/wp-content\/uploads\/2015\/03\/perfilContratante.jpg\" alt=\"perfilContratante\" width=\"257\" height=\"196\" \/><\/a>La informaci\u00f3n de los expedientes de contrataci\u00f3n de este Ayuntamiento se encuentran en <a href=\"https:\/\/contrataciondelestado.es\/wps\/poc?uri=deeplink:perfilContratante&amp;ubicacionOrganica=E210Yq7pdzM%3D\" target=\"_blank\" rel=\"noopener noreferrer\">www.contrataciondelestado.es<\/a>.<\/p>\n<p>&nbsp;<\/p>\n<p>El Ayuntamiento de Har\u00eda pone a disposici\u00f3n de los usuarios Internet la informaci\u00f3n de los expedientes de contrataci\u00f3n, proporcionando los pliegos, los anuncios y el resto de informaci\u00f3n legalmente exigida.<\/p>\n<p>&nbsp;<\/p>\n<p>De forma complementaria esta informaci\u00f3n se puede obtener en los sitios indicados en el anuncio de cada una de las licitaciones.<\/p>\n<p>&nbsp;<\/p>\n<p>La documentaci\u00f3n oficial se encuentra en la sede del Ayuntamiento de Har\u00eda.<\/p>\n<p>&nbsp;<\/p>\n<p><strong>Acceso a la Plataforma de Contrataci\u00f3n<\/strong><\/p>\n<p>Tenga en cuenta que existen tres \u00f3rganos de contrataci\u00f3n (Alcald\u00eda, Junta de Gobierno y Pleno) por lo que cada licitaci\u00f3n ser\u00e1 publicada exclusivamente en el \u00f3rgano de contrataci\u00f3n correspondiente, cuyos accesos directos se insertan a continuaci\u00f3n:<\/p>\n<p>&nbsp;<\/p>\n<p style=\"padding-left: 60px;\"><b><u><a href=\"https:\/\/contrataciondelestado.es\/wps\/portal\/!ut\/p\/b0\/DccxCoAwDADAJ2VyERxUBH9Qmy1glNA2DW3Q7-ttBwgHoNIjN7lUpfw_nsyWRdNo3C7Ja1Vv5KTOEAAB5VwMYk9h6Ggv79sEVsr8AYmCLEs!\/\" target=\"_blank\" rel=\"noopener noreferrer\">Alcald\u00eda del Ayuntamiento de Har\u00eda<\/a><\/u><\/b><\/p>\n<p style=\"padding-left: 60px;\"><b><u><a href=\"https:\/\/contrataciondelestado.es\/wps\/portal\/!ut\/p\/b0\/04_Sj9CPykssy0xPLMnMz0vMAfIjU1JTC3Iy87KtClKL0jJznPPzSooSSxLzSlL1w_Wj9KMyU5wK9COzfcpSTYrLUypVDTxt9Qtycx0BoB_eFw!!\/\" target=\"_blank\" rel=\"noopener noreferrer\">Junta de Gobierno del Ayuntamiento de Har\u00eda<\/a><\/u><\/b><\/p>\n<p style=\"padding-left: 60px;\"><b><u><a href=\"https:\/\/contrataciondelestado.es\/wps\/poc?uri=deeplink%3AperfilContratante&amp;idBp=FbMpXexosI0%3D\" target=\"_blank\" rel=\"noopener noreferrer\">Pleno del Ayuntamiento de Har\u00eda<\/a><\/u><\/b><\/p>\n<p>&nbsp;<\/p>\n<p>&nbsp;<\/p>\n<hr \/>\n<h6><strong>Datos Generales<\/strong><\/h6>\n<p style=\"padding-left: 60px;\">Tipo de administraci\u00f3n: Local<br \/>\nDepartamento u \u00f3rgano de dependencia: Secretar\u00eda<br \/>\n\u00d3rganos de contrataci\u00f3n: Alcald\u00eda, Pleno y Junta de Gobierno<br \/>\nCIF: P3501100F<\/p>\n<p>&nbsp;<\/p>\n<hr \/>\n<h6><strong>Contacto del Perfil del Contratante<\/strong><\/h6>\n<p style=\"padding-left: 60px;\">Telef\u00f3no: 928 83 52 51 &#8211; 928 83 50 09<br \/>\nFax: 928 83 51 73<br \/>\nEmail: secretario@ayuntamientodeharia.com \/\/ secretaria@ayuntamientodeharia.com<\/p>\n<p>&nbsp;<\/p>\n<hr \/>\n<h6><strong>Direcci\u00f3n del \u00d3rgano de Contrataci\u00f3n<\/strong><\/h6>\n<p style=\"padding-left: 60px;\">Nombre de la calle: Plaza de la Constituci\u00f3n, n\u00ba 1<br \/>\nC\u00f3digo postal: 35520<br \/>\nPoblaci\u00f3n: Har\u00eda (Lanzarote)<br \/>\nPa\u00eds: Espa\u00f1a<\/p>\n<p>&nbsp;<\/p>\n<hr \/>\n<h6><\/h6>\n<hr \/>\n","protected":false},"excerpt":{"rendered":"<p>La informaci\u00f3n de los expedientes de contrataci\u00f3n de este Ayuntamiento se encuentran en www.contrataciondelestado.es. &nbsp; El Ayuntamiento de Har\u00eda pone a disposici\u00f3n de los usuarios Internet la informaci\u00f3n de los expedientes de contrataci\u00f3n, proporcionando los pliegos, los anuncios y el resto de informaci\u00f3n legalmente exigida. &nbsp; De forma complementaria esta informaci\u00f3n se puede obtener en [&hellip;]<\/p>\n","protected":false},"author":2,"featured_media":0,"parent":9,"menu_order":90,"comment_status":"closed","ping_status":"closed","template":"","meta":{"footnotes":""},"class_list":["post-5809","page","type-page","status-publish","hentry"],"_links":{"self":[{"href":"https:\/\/www.ayuntamientodeharia.com\/haria\/wp-json\/wp\/v2\/pages\/5809","targetHints":{"allow":["GET"]}}],"collection":[{"href":"https:\/\/www.ayuntamientodeharia.com\/haria\/wp-json\/wp\/v2\/pages"}],"about":[{"href":"https:\/\/www.ayuntamientodeharia.com\/haria\/wp-json\/wp\/v2\/types\/page"}],"author":[{"embeddable":true,"href":"https:\/\/www.ayuntamientodeharia.com\/haria\/wp-json\/wp\/v2\/users\/2"}],"replies":[{"embeddable":true,"href":"https:\/\/www.ayuntamientodeharia.com\/haria\/wp-json\/wp\/v2\/comments?post=5809"}],"version-history":[{"count":10,"href":"https:\/\/www.ayuntamientodeharia.com\/haria\/wp-json\/wp\/v2\/pages\/5809\/revisions"}],"predecessor-version":[{"id":33036,"href":"https:\/\/www.ayuntamientodeharia.com\/haria\/wp-json\/wp\/v2\/pages\/5809\/revisions\/33036"}],"up":[{"embeddable":true,"href":"https:\/\/www.ayuntamientodeharia.com\/haria\/wp-json\/wp\/v2\/pages\/9"}],"wp:attachment":[{"href":"https:\/\/www.ayuntamientodeharia.com\/haria\/wp-json\/wp\/v2\/media?parent=5809"}],"curies":[{"name":"wp","href":"https:\/\/api.w.org\/{rel}","templated":true}]}}